
2
What is the highest common factor of 441 and 22617?
63
What is the highest common factor of 252 and 153132?
84
Calculate the highest common factor of 4026 and 25476.
66
Calculate the greatest common divisor of 50 and 141650.
50
What is the greatest common factor of 9869 and 7597?
71
Calculate the greatest common divisor of 236 and 31742.
118
Calculate the highest common factor of 14 and 37471.
7
Calculate the greatest common divisor of 77811 and 111.
111
What is the highest common factor of 200598 and 7638?
402
Calculate the highest common divisor of 139 and 1272823.
139
Calculate the highest common factor of 5232 and 291.
3
Calculate the greatest common divisor of 276 and 47932.
92
What is the greatest common factor of 493312 and 47?
47
Calculate the greatest common divisor of 128 and 16317440.
128
What is the highest common divisor of 2646 and 62034?
294
What is the highest common factor of 9028 and 427?
61
Calculate the greatest common factor of 1235 and 3068.
13
What is the greatest common factor of 546 and 890344?
182
What is the highest common divisor of 3419 and 39?
13
Calculate the highest common divisor of 118218 and 2958.
102
Calculate the highest common factor of 327330 and 45.
45
What is the greatest common divisor of 1513754 and 913?
913
What is the highest common factor of 265 and 1696?
53
What is the highest common factor of 704 and 2629?
11
What is the greatest common factor of 74 and 69338?
74
Calculate the greatest common factor of 46 and 104.
2
What is the highest common divisor of 251766 and 30?
6
Calculate the highest common factor of 2080 and 182.
26
Calculate the greatest common divisor of 99 and 1287.
99
What is the greatest common divisor of 595 and 7035?
35
Calculate the greatest common factor of 21998 and 51.
17
Calculate the highest common divisor of 137 and 46032.
137
Calculate the highest common factor of 2244 and 161160.
204
What is the highest common factor of 41 and 111233?
41
Calculate the highest common factor of 458 and 1013554.
458
What is the highest common factor of 11125 and 15875?
125
What is the greatest common factor of 313258 and 464?
58
What is the greatest common divisor of 1980 and 45270?
90
Calculate the highest common factor of 87097 and 347.
347
Calculate the greatest common factor of 1 and 92237.
1
What is the highest common factor of 20 and 4819420?
20
Calculate the highest common divisor of 705 and 94188.
141
What is the greatest common divisor of 72396 and 2574?
18
Calculate the greatest common divisor of 1530 and 204030.
90
Calculate the highest common factor of 487964 and 516.
172
Calculate the highest common divisor of 1516012 and 636.
212
What is the highest common factor of 97334 and 369?
41
What is the highest common factor of 37884 and 84?
84
Calculate the highest common divisor of 2366 and 600418.
182
What is the greatest common factor of 9328 and 5618?
106
Calculate the highest common divisor of 224 and 12404.
28
Calculate the highest common divisor of 47183 and 232.
29
What is the highest common divisor of 1254 and 2229612?
1254
Calculate the highest common divisor of 279257 and 53.
53
What is the greatest common factor of 1902455 and 295?
295
What is the greatest common factor of 686 and 26?
2
Calculate the greatest common divisor of 132223 and 1638.
91
What is the highest common factor of 63 and 2502?
9
Calculate the highest common divisor of 157 and 910757.
157
Calculate the highest common factor of 1394 and 89046.
34
What is the highest common divisor of 189 and 989604?
189
What is the highest common factor of 551 and 25201?
29
What is the greatest common divisor of 29189 and 15655?
101
What is the greatest common divisor of 120 and 32584?
8
What is the greatest common divisor of 584 and 386170?
146
What is the highest common divisor of 16353 and 208863?
207
What is the greatest common factor of 315 and 1063755?
315
Calculate the highest common factor of 426 and 48351.
213
What is the greatest common factor of 592344 and 760?
152
What is the greatest common divisor of 124375 and 5625?
625
What is the highest common factor of 27202 and 1624?
406
Calculate the greatest common factor of 129000 and 20.
20
Calculate the greatest common divisor of 43 and 66177.
43
What is the greatest common divisor of 340 and 35540?
20
What is the highest common factor of 4414410 and 1287?
1287
What is the greatest common factor of 33400 and 1250?
50
What is the highest common divisor of 485 and 938087?
97
What is the greatest common factor of 35142 and 21?
3
Calculate the highest common factor of 2500 and 360.
20
Calculate the highest common factor of 2121 and 6510.
21
Calculate the greatest common factor of 5453 and 5719.
133
What is the highest common factor of 17416 and 224?
56
Calculate the highest common divisor of 1782 and 520938.
594
What is the highest common divisor of 1268490 and 90?
30
Calculate the highest common divisor of 519 and 8664.
3
What is the highest common factor of 869 and 1243?
11
What is the highest common divisor of 24 and 3226632?
24
Calculate the highest common factor of 32 and 70256.
16
Calculate the highest common divisor of 1491 and 2.
1
What is the greatest common factor of 105 and 459780?
15
Calculate the highest common factor of 12 and 6516.
12
Calculate the greatest common factor of 12855 and 120.
15
Calculate the highest common divisor of 29200 and 18396.
292
What is the greatest common factor of 807414 and 444?
222
What is the highest common divisor of 66 and 142098?
66
Calculate the greatest common factor of 4125 and 625.
125
Calculate the greatest common divisor of 1101507 and 11.
11
What is the greatest common factor of 10745 and 245?
35
What is the highest common factor of 463583 and 86?
43
What is the greatest common factor of 13237 and 49?
7
What is the highest common factor of 574284 and 12?
12
What is the highest common divisor of 872 and 916472?
872
Calculate the greatest common divisor of 44 and 297.
11
What is the greatest common factor of 200800 and 4?
4
Calculate the greatest common divisor of 1505751 and 78.
39
Calculate the highest common divisor of 341 and 75889.
11
Calculate the highest common divisor of 4260 and 56445.
1065
Calculate the highest common divisor of 78 and 672750.
78
What is the greatest common factor of 701407 and 91?
7
What is the greatest common divisor of 192 and 1663392?
96
What is the highest common factor of 437236 and 41588?
1124
What is the highest common divisor of 218 and 463577?
109
What is the highest common divisor of 1207 and 6885?
17
What is the highest common factor of 241125 and 4500?
375
What is the greatest common factor of 469 and 2667?
7
Calculate the greatest common factor of 106299 and 297.
27
Calculate the highest common divisor of 537 and 40633.
179
What is the highest common factor of 111951 and 126?
63
What is the greatest common divisor of 594034 and 604?
302
What is the greatest common divisor of 328 and 250387?
41
Calculate the highest common factor of 148479 and 129.
129
What is the greatest common factor of 192 and 1221?
3
Calculate the greatest common factor of 352 and 22944.
32
What is the highest common factor of 5094 and 21?
3
Calculate the greatest common factor of 20886 and 1534.
118
Calculate the greatest common factor of 1584 and 232650.
198
What is the highest common divisor of 5481730 and 186?
62
Calculate the greatest common factor of 31212 and 1620.
108
What is the greatest common factor of 91575 and 15059?
407
What is the greatest common divisor of 90 and 75375?
45
Calculate the highest common divisor of 76406 and 759.
253
Calculate the highest common factor of 1543465 and 133.
133
Calculate the greatest common divisor of 75750 and 4750.
250
Calculate the greatest common factor of 287573 and 65.
13
Calculate the highest common divisor of 116753 and 7.
7
What is the greatest common factor of 473 and 55255?
43
What is the highest common factor of 37632 and 512?
256
Calculate the highest common divisor of 410 and 718730.
410
What is the greatest common factor of 692 and 214174?
346
What is the highest common factor of 455 and 109275?
5
Calculate the highest common divisor of 120190 and 2121.
707
Calculate the highest common factor of 12160 and 35520.
320
What is the greatest comm